g be 1/(-2)*(11 - 11). Let t = g + q. What is the units digit of t?
1
Suppose 3*v - 5*b = 19, -15 = v - 6*v + 5*b. Suppose -i - 2*i + 15 = 0. Let y = v + i. What is the units digit of y?
3
Let w = -2 + 5. Let i be w/(3/2) + 3. Suppose 4*n - 3*f = -7, -25 = -5*n - 4*f + i. What is the units digit of n?
2
Suppose -48 = -3*l + 90. What is the units digit of l?
6
Suppose -4*w = -y - 47, 4*w - 3*y + 0*y = 45. Suppose -4*u = -2*h + w, -2*h - 6 = -3*h - 4*u. Let m = -1 + h. What is the units digit of m?
5
Let l(w) = -w**2 + 6*w - 5. Let d be l(5). Suppose d = -i + 8. What is the units digit of i?
8
Let o(s) = 2*s**3 - 2*s**2 - 4*s - 3. Let u be o(-2). What is the tens digit of 1/2 - u/2?
1
Let g(a) = a**2 - 6*a - 16. Let n be g(8). Suppose 3*k - 5*s = 61, -s - 21 = -k - n*s. What is the tens digit of k?
2
Let d(k) = k**3 + k**2 - 3*k + 72. What is the tens digit of d(0)?
7
Suppose 5*i + 2*v = 91 + 85, -2*v = 3*i - 104. Let p = i - 6. What is the tens digit of p?
3
Let a(h) = -17*h - 2. What is the tens digit of a(-3)?
4
Suppose 0*i = -4*i. Suppose i = v + c + 3, 15 = 2*v - 5*c. Suppose -70 = -5*m + 5*n, 4*m - 53 = 3*n - v*n. What is the units digit of m?
1
Let j(f) = -f - 10. Let o be j(-7). Let i = o - -13. What is the tens digit of (18/(-15))/(-1)*i?
1
Suppose -o = 5*a - 3*o - 67, -4*a + 56 = -4*o. What is the tens digit of 12 - a - 44/(-2)?
2
Suppose 2*p + 3*p = 345. Let g = 101 - p. What is the tens digit of g?
3
Let u(x) = 2*x**2 - 11*x - 2. What is the units digit of u(8)?
8
Suppose 0 = f - 2*u - 4 - 47, 2*u - 113 = -3*f. What is the units digit of f?
1
Let d = -140 + 242. What is the hundreds digit of d?
1
Let b(i) = -i**3 - 2*i**2 - i + 1. Let v(r) = -r**3 + 6*r**2 - 5*r + 6. Let u be v(5). Suppose u = -5*h + 2*h. What is the units digit of b(h)?
3
Let i be 3 - (-3 + (-1 - -4)). Suppose -10 = -z - 0*w - i*w, 5*z = -4*w + 83. What is the units digit of z?
9
Suppose -32 = 5*b - 9*b. What is the units digit of b?
8
Let d = 20 + -11. Let q = d + -5. Suppose q*v - 8 = 2*v. What is the units digit of v?
4
Suppose 4*t = -o + 174, o = 3*t - 4*o - 142. What is the tens digit of t?
4
Let b(n) = -n - 1. Let i be (-4)/6*3 + 1. Let x be b(i). Suppose -5*s - u + 6 = 0, x = 2*s - 5*u + u - 20. What is the units digit of s?
2
Suppose -3*x + 2*t = 3*t - 29, -x = -t - 15. Suppose m - x + 3 = 0. Let p(a) = -a + 15. What is the units digit of p(m)?
7
Let y = -42 - -72. What is the tens digit of y?
3
Suppose u - 4*h = -2*h + 7, 12 = -3*u - 5*h. Let p = u + 20. What is the units digit of p?
1
Let k(o) = o + 8. Let j be k(-5). Suppose -4*u + 9 = -j. What is the units digit of u?
3
Suppose -2*w + 11 = 1. What is the units digit of w/15 + (-17)/(-3)?
6
Suppose -i + 18 + 24 = 0. What is the tens digit of i?
4
Let f = 49 - 38. What is the units digit of f?
1
Suppose -2*v = -19 - 65. What is the units digit of v?
2
Let p(j) = j - 3. Let b be p(7). Suppose 2*u - 6*u - 36 = -4*z, -b*z + 3*u + 35 = 0. What is the units digit of z?
8
Suppose -8*n + 10 = -3*n. Suppose -o = -n - 1. Suppose 4*s = 3*s + o. What is the units digit of s?
3
Let w = 11 - 3. Let i = w - 6. Suppose 0 = l + 4*s - 20, i*l + 2*s - 6*s + 8 = 0. What is the units digit of l?
4
Let z = -5 - -5. Let b = 7 + z. Let p = 8 + b. What is the units digit of p?
5
Suppose -5*n + 6 = -4*n + 5*i, 0 = -n + 4*i + 42. What is the tens digit of n?
2
Suppose 0 = -2*f - 6 - 0. What is the units digit of f*(-3 + (-29)/3)?
8
Suppose 39 = -6*c + 2*c + p, -5*c + 2*p = 48. What is the tens digit of (-3)/(-2) - 155/c?
1
Suppose -3*l + 122 = -124. What is the tens digit of l?
8
Suppose 2*q - 34 = 3*v, -q + v + 9 = -7. Let g = -6 + q. What is the units digit of g?
8
Let b be (8 - 7)/(0 + 1). What is the units digit of (b/(-3) - 1)*-6?
8
Let g(i) = -i**3 + 4*i**2 + 2*i + 2. Suppose -5*v - k - 3*k + 4 = 0, k = -v. What is the tens digit of g(v)?
1
Let z(y) = -y**3 - 4*y**2 + 5*y + 4. Suppose -5 = -3*h - 2*h. Let d be 1 - ((-6)/(-1))/h. What is the units digit of z(d)?
4
Let p(s) = 2*s**2 + 3*s - 1. Suppose -a = -5*b, 2*a = -2*a - 2*b - 22. What is the units digit of p(a)?
4
Let l = 7 - 1. Let w(c) = -5*c + 1. Let i be w(1). What is the units digit of l/(-4)*i/3?
2
Let k(b) = b**3 - 6*b**2 - 8*b + 1. Let m be k(7). What is the tens digit of m/4*(-34)/3?
1
Suppose 112 = 5*b + 2*d, -b - 4*d - 136 = -6*b. What is the tens digit of b?
2
Suppose -p + 22 = -5*m, 3*m - 2*p + 9 = -0*m. Let i(o) = -7*o - 1. What is the units digit of i(m)?
4
Suppose 2*l - 37 = 261. What is the hundreds digit of l?
1
Let s = -6 + 9. Suppose -4*l + 6 = -s*l. What is the units digit of l?
6
Let d(s) = -s**2 - 3*s + 5. Let c be d(-4). Suppose 2*h - 4 = -0. Suppose -f + c = 0, -h*f + 13 + 1 = z. What is the tens digit of z?
1
Let r be (-4)/14 - (-443)/7. Suppose 5*j + r = 4*u - 9, -77 = -5*u + 3*j. What is the units digit of u?
3
Suppose 7 = -3*h - 5. Let u be 15/6 - (-2)/h. Suppose -7 = -u*o + 3, 5*p + 3*o - 35 = 0. What is the units digit of p?
4
Let a be 3/6*(2 + 14). Suppose -4*f + a + 0 = 0. What is the units digit of f?
2
Let c(u) = -12*u. Let o be c(-4). Suppose 2*r = -4*k + o, 2*k = 3*k - 3*r - 19. What is the tens digit of k?
1
Let k be (-14)/3*9/(-6). Suppose -k*a + 10 = -2*a. What is the units digit of a?
2
Let l = 9 - 6. Let w = 0 + l. What is the units digit of w?
3
Let t(j) = 16*j - 65. What is the tens digit of t(9)?
7
Let v(s) = s + 12. Let q(a) = -a - 13. Let x(u) = 3*q(u) + 4*v(u). What is the units digit of x(-7)?
2
Let c be (2460/(-16))/(-5)*4. Suppose 0 = 4*u + t - c, -6*t = 5*u - t - 165. What is the tens digit of u?
3
Let c(z) = -3*z**3 - 4*z + 4. What is the units digit of c(-3)?
7
Suppose 3*j - 3*r - 7 = 8, 5*r = -2*j + 10. What is the units digit of j?
5
Suppose 3*t + 40 = -5. Let z(a) = -a**2 + 11*a + 11. Let l be z(10). Let s = l + t. What is the units digit of s?
6
Let l(k) = -19*k + 1. Let m be l(-1). Suppose -2*o + 3*c + 28 = -12, 5*c = m. What is the units digit of o?
6
What is the tens digit of (-7)/(196/(-820)) - 4/14?
2
Suppose -h = -2*h + 4, 0 = -4*u + 2*h + 484. What is the units digit of u?
3
Let m(z) = z**2 - z + 4. Let g be m(0). Suppose -4*o + 3*f = 3, 22 - 2 = g*f. Suppose -5*s - 30 = -5*v, -o*s - 12 = 2*v + 1. What is the units digit of v?
1
Suppose 0*k - 52 = -4*k + 4*q, -3*k = q - 19. What is the units digit of k?
8
Suppose -6*n + 664 = 2*n. What is the units digit of n?
3
Let l be (-3)/((-10)/4 + 1). Suppose 2*m + 3*m - 5*a = 30, 0 = l*m + 4*a. What is the units digit of m?
4
Let y(x) = x**2 - 2*x + 3. Let t(k) = k**3 + 3*k**2 + 2*k + 2. Let r be t(-3). Let o = -1 - r. What is the units digit of y(o)?
6
Let l(m) = m**2 + 4*m + 6. Suppose -3*g = -5*w + 30, -3*g + 16 = -8*g - 3*w. What is the units digit of l(g)?
1
Let l(f) = -6*f - 2*f**2 + f**2 - f - 4. Let m be l(-6). Suppose 30 = 3*w + m*w. What is the units digit of w?
6
Suppose 3*o + 156 = 2*b, 0 = 4*b - b + o - 212. What is the tens digit of b?
7
Suppose 5*s - 80 = s. Let o = s + -17. What is the units digit of o?
3
Suppose -11 = 3*k + 4. What is the units digit of 1 - (k + -1 + 3)?
4
Suppose 3*y = y - 8. What is the tens digit of (-369)/(-33) + y/22?
1
Suppose -3*i + 42 = -15. What is the tens digit of i?
1
Let f = 24 + -18. What is the units digit of f?
6
Suppose 2*q + 3*q = 15, 0 = d + q - 12. What is the units digit of d?
9
Suppose 2*y + 936 = 8*y. What is the units digit of y?
6
Let w be 2*3/12*-2. What is the units digit of w/(-3 + (-40)/(-14))?
7
Suppose 2*f = 6*f + 276. Let l = f + 118. What is the tens digit of l?
4
Let l(r) = 2*r - 6. Let u be l(4). What is the units digit of ((-3)/(-9))/(u/12)?
2
Suppose 2*d = 3*p - 0*d - 2, d + 11 = 4*p. Suppose p*l = -0*q + 3*q - 21, -l = 0. Let c(t) = t**2 - 7*t + 4. What is the units digit of c(q)?
4
Suppose -4*d = -29 + 1. Suppose g = 0, 5*q - 2*g + 4*g + 30 = 0. Let l = q + d. What is the units digit of l?
1
Let z(u) = -4*u - 5. What is the units digit of z(-2)?
3
Let w = -4 + 4. Suppose 0*z - 5*z = -l + 15, z + 2*l + 3 = w. What is the units digit of 5*(-3)/5*z?
9
Let z = 365 - 203. What is the tens digit of z?
6
Suppose 2*u = -3*u. Suppose -4*w + u*w = 0. Suppose w = -2*j + 6 + 34. What is the units digit of j?
0
What is the units digit of (-7)/(-14)*23*2?
3
Suppose -7 - 17 = -2*z. Let w = z + -5. What is t